remainder when 7778 is divided by 3826?
126
What is the remainder when 63253 is divided by 15?
13
Calculate the remainder when 919 is divided by 206.
95
What is the remainder when 36579 is divided by 1106?
81
Calculate the remainder when 92893 is divided by 29.
6
Calculate the remainder when 9825 is divided by 3254.
63
What is the remainder when 36529 is divided by 27?
25
Calculate the remainder when 3725 is divided by 417.
389
Calculate the remainder when 2420 is divided by 267.
17
Calculate the remainder when 836 is divided by 165.
11
What is the remainder when 330622 is divided by 41?
39
What is the remainder when 2762 is divided by 880?
122
What is the remainder when 50817 is divided by 7259?
4
What is the remainder when 15889 is divided by 1139?
1082
What is the remainder when 5325 is divided by 1306?
101
Calculate the remainder when 50429 is divided by 16677.
398
What is the remainder when 11210 is divided by 110?
100
Calculate the remainder when 7202 is divided by 176.
162
What is the remainder when 288488 is divided by 96157?
17
Calculate the remainder when 149431 is divided by 36.
31
What is the remainder when 3298 is divided by 60?
58
Calculate the remainder when 4494 is divided by 1766.
962
What is the remainder when 6335 is divided by 791?
7
What is the remainder when 719905 is divided by 196?
193
What is the remainder when 9211 is divided by 4590?
31
Calculate the remainder when 61976 is divided by 385.
376
Calculate the remainder when 74478 is divided by 5.
3
What is the remainder when 40566 is divided by 239?
175
What is the remainder when 55918 is divided by 18636?
10
Calculate the remainder when 289545 is divided by 383.
380
What is the remainder when 18435 is divided by 64?
3
What is the remainder when 1054934 is divided by 15?
14
What is the remainder when 2600 is divided by 514?
30
What is the remainder when 995397 is divided by 600?
597
What is the remainder when 591 is divided by 151?
138
What is the remainder when 6901 is divided by 154?
125
Calculate the remainder when 1159 is divided by 571.
17
What is the remainder when 10178 is divided by 1130?
8
Calculate the remainder when 775 is divided by 222.
109
What is the remainder when 43205 is divided by 315?
50
Calculate the remainder when 38538 is divided by 1919.
158
Calculate the remainder when 52446 is divided by 279.
273
Calculate the remainder when 161127 is divided by 108.
99
What is the remainder when 78365 is divided by 27?
11
What is the remainder when 18532 is divided by 314?
6
What is the remainder when 8561 is divided by 1425?
11
Calculate the remainder when 1943 is divided by 507.
422
What is the remainder when 1870 is divided by 24?
22
What is the remainder when 1142981 is divided by 115?
111
Calculate the remainder when 180302 is divided by 230.
212
Calculate the remainder when 1297407 is divided by 324350.
7
What is the remainder when 41802 is divided by 235?
207
What is the remainder when 8154116 is divided by 1560?
1556
Calculate the remainder when 114911 is divided by 304.
303
What is the remainder when 73343 is divided by 22?
17
What is the remainder when 1855 is divided by 910?
35
Calculate the remainder when 352355 is divided by 65.
55
What is the remainder when 1038 is divided by 213?
186
Calculate the remainder when 2548 is divided by 700.
448
What is the remainder when 1933958 is divided by 483489?
2
What is the remainder when 563 is divided by 4?
3
Calculate the remainder when 142 is divided by 118.
24
Calculate the remainder when 23100 is divided by 11543.
14
What is the remainder when 7803 is divided by 338?
29
What is the remainder when 9054 is divided by 379?
337
Calculate the remainder when 12869 is divided by 502.
319
Calculate the remainder when 300269 is divided by 342.
335
Calculate the remainder when 38378 is divided by 2949.
41
What is the remainder when 69313 is divided by 142?
17
What is the remainder when 35486 is divided by 169?
165
What is the remainder when 316 is divided by 35?
1
What is the remainder when 66423 is divided by 122?
55
Calculate the remainder when 5838 is divided by 99.
96
What is the remainder when 14374 is divided by 248?
238
What is the remainder when 2072 is divided by 238?
168
Calculate the remainder when 85162 is divided by 510.
502
Calculate the remainder when 271684 is divided by 107.
11
What is the remainder when 54092 is divided by 629?
627
What is the remainder when 1214924 is divided by 501?
500
Calculate the remainder when 5122 is divided by 624.
130
Calculate the remainder when 661 is divided by 60.
1
What is the remainder when 19678 is divided by 5?
3
Calculate the remainder when 15144 is divided by 72.
24
What is the remainder when 750957 is divided by 16?
13
What is the remainder when 7211 is divided by 16?
11
What is the remainder when 2677 is divided by 541?
513
Calculate the remainder when 33111 is divided by 16554.
3
What is the remainder when 599073 is divided by 774?
771
Calculate the remainder when 33190 is divided by 357.
346
What is the remainder when 21984 is divided by 21909?
75
What is the remainder when 29697 is divided by 32?
1
Calculate the remainder when 19375 is divided by 228.
223
What is the remainder when 2704 is divided by 900?
4
Calculate the remainder when 5815972 is divided by 25.
22
What is the remainder when 87882 is divided by 7?
4
Calculate the remainder when 18506 is divided by 9157.
192
What is the remainder when 9406 is divided by 492?
58
Calculate the remainder when 35127 is divided by 674.
79
What is the remainder when 2419 is divided by 199?
31
What is the remainder when 886729 is divided by 1777?
6
What is the remainder when 7709 is divided by 3710?
289
What is the remainder when 104396 is divided by 52198?
0
What is the remainder when 57854 is divided by 61?
26
What is the remainder when 823 is divided by 33?
31
What is the remainder when 1118247 is divided by 11?
9
What is the remainder when 8981 is divided by 5?
1
Calculate the remainder when 224061 is divided by 96.
93
Calculate the remainder when 14863 is divided by 126.
121
What is the remainder when 484836 is divided by 3488?
4
What is the remainder when 2266106 is divided by 13?
11
Calculate the remainder when 226301 is divided by 75430.
11
What is the remainder when 2324075 is divided by 38?
33
Calculate the remainder when 1894 is divided by 806.
282
Calculate the remainder when 543 is divided by 132.
15
Calculate the remainder when 1703 is divided by 19.
12
Calculate the remainder when 287517 is divided by 87.
69
What is the remainder when 119846 is divided by 140?
6
What is the remainder when 1675 is divided by 796?
83
What is the remainder when 57889 is divided by 223?
132
What is the remainder when 29877 is divided by 15?
12
What is the remainder when 8015 is divided by 151?
12
Calculate the remainder when 4576 is divided by 1138.
24
What is the remainder when 88 is divided by 3?
1
Calculate the remainder when 56522 is divided by 428.
26
Calculate the remainder when 4744853 is divided by 942.
941
What is the remainder when 693535 is divided by 124?
3
What is the remainder when 14712 is divided by 56?
40
Calculate the remainder when 4189 is divided by 135.
4
Calculate the remainder when 32960 is divided by 25.
10
What is the remainder when 8819 is divided by 173?
169
Calculate the remainder when 17113 is divided by 74.
19
Calculate the remainder when 70865 is divided by 131.
125
Calculate the remainder when 28515 is divided by 167.
125
Calculate the remainder when 10325 is divided by 28.
21
What is the remainder when 5901 is divided by 1926?
123
Calculate the remainder when 1541 is divided by 23.
0
Calculate the remainder when 50300 is divided by 12568.
28
What is the remainder when 47251 is divided by 235?
16
Calculate the remainder when 107875 is divided by 78.
1
Calculate the remainder when 2241 is divided by 149.
6
Calculate the remainder when 809 is divided by 192.
41
Calculate the remainder when 19162 is divided by 6.
4
Calculate the remainder when 737 is divided by 357.
23
Calculate the remainder when 115125 is divided by 205.
120
Calculate the remainder when 3590238 is divided by 108.
102
Calculate the remainder when 51534 is divided by 83.
74
Calculate the remainder when 39474 is divided